{"id":211,"date":"2019-08-19T06:49:07","date_gmt":"2019-08-19T06:49:07","guid":{"rendered":"https:\/\/themepalacedemo.com\/tourist-pro\/?page_id=5"},"modified":"2024-01-03T02:04:04","modified_gmt":"2024-01-03T02:04:04","slug":"home","status":"publish","type":"page","link":"https:\/\/hmcsviagens.pt\/","title":{"rendered":"Home &#8211; Quem somos?"},"content":{"rendered":"\n<p>A <span style=\"color:#00ffff\" class=\"has-inline-color\"><strong>HMCS viagens<\/strong><\/span> foi lan\u00e7ada no in\u00edcio de 2021, como evolu\u00e7\u00e3o da HMCS <em>solutions <\/em>fundada em 2018, com o objetivo de ser uma Ag\u00eancia de Viagens diferente. A nossa equipa de apaixonados conta com mais de 10 anos de experi\u00eancia no setor, e est\u00e1 dispon\u00edvel para colocar em pr\u00e1tica os seus desejos. Queremos deixar os nossos viajantes satisfeitos e garantir um excelente atendimento ao cliente.<\/p>\n\n\n\n<div style=\"height:11px\" aria-hidden=\"true\" class=\"wp-block-spacer\"><\/div>\n\n\n\n<figure class=\"wp-block-pullquote\"><blockquote><p>Quem conhece a nossa hist\u00f3ria sabe que foi feita de avan\u00e7os e recuos, de renascer! Os \u00faltimos tempos foram complicados para todos. E, nesse seguimento escolhemos um s\u00edmbolo com o qual nos identificamos e atrav\u00e9s dele queremos continuar a escrever a nossa hist\u00f3ria: o <strong><span class=\"has-inline-color has-green-color\">COLIBRI<\/span><\/strong> <img loading=\"lazy\" decoding=\"async\" width=\"80\" height=\"45\" class=\"wp-image-310\" style=\"width: 80px;\" src=\"https:\/\/hmcsviagens.pt\/wp-content\/uploads\/2021\/02\/colibri-patagonia-unsplash.jpg\" alt=\"colibri patagonia\" srcset=\"https:\/\/hmcsviagens.pt\/wp-content\/uploads\/2021\/02\/colibri-patagonia-unsplash.jpg 2560w, https:\/\/hmcsviagens.pt\/wp-content\/uploads\/2021\/02\/colibri-patagonia-unsplash-300x169.jpg 300w, https:\/\/hmcsviagens.pt\/wp-content\/uploads\/2021\/02\/colibri-patagonia-unsplash-1024x576.jpg 1024w, https:\/\/hmcsviagens.pt\/wp-content\/uploads\/2021\/02\/colibri-patagonia-unsplash-768x432.jpg 768w, https:\/\/hmcsviagens.pt\/wp-content\/uploads\/2021\/02\/colibri-patagonia-unsplash-1536x864.jpg 1536w, https:\/\/hmcsviagens.pt\/wp-content\/uploads\/2021\/02\/colibri-patagonia-unsplash-2048x1152.jpg 2048w\" sizes=\"auto, (max-width: 80px) 100vw, 80px\" \/>. Focamo-nos na simbologia inerente ao Colibri e em vez de o utilizar de forma pura e dura, optamos por estiliz\u00e1-lo e criar o logotipo em forma de um Origami do Colibri <img loading=\"lazy\" decoding=\"async\" width=\"90\" height=\"90\" class=\"wp-image-303\" style=\"width: 90px;\" src=\"https:\/\/hmcsviagens.pt\/wp-content\/uploads\/2021\/02\/cropped-logo-hmcs-colibri-01.png\" alt=\"\" srcset=\"https:\/\/hmcsviagens.pt\/wp-content\/uploads\/2021\/02\/cropped-logo-hmcs-colibri-01.png 512w, https:\/\/hmcsviagens.pt\/wp-content\/uploads\/2021\/02\/cropped-logo-hmcs-colibri-01-300x300.png 300w, https:\/\/hmcsviagens.pt\/wp-content\/uploads\/2021\/02\/cropped-logo-hmcs-colibri-01-150x150.png 150w, https:\/\/hmcsviagens.pt\/wp-content\/uploads\/2021\/02\/cropped-logo-hmcs-colibri-01-270x270.png 270w, https:\/\/hmcsviagens.pt\/wp-content\/uploads\/2021\/02\/cropped-logo-hmcs-colibri-01-192x192.png 192w, https:\/\/hmcsviagens.pt\/wp-content\/uploads\/2021\/02\/cropped-logo-hmcs-colibri-01-180x180.png 180w, https:\/\/hmcsviagens.pt\/wp-content\/uploads\/2021\/02\/cropped-logo-hmcs-colibri-01-32x32.png 32w\" sizes=\"auto, (max-width: 90px) 100vw, 90px\" \/>. \u00c9 carregado de uma simbologia bem marcada: <strong><span class=\"has-inline-color has-orange-color\">AMOR, ALEGRIA, ENERGIA, LIBERDADE, FOR\u00c7A<\/span><\/strong> \u2013 tudo isto somos n\u00f3s!!! Com esta paragem for\u00e7ada a que todos fomos sujeitos, achamos que a Marca merecia evoluir e ganhar uma nova Vida!<\/p><\/blockquote><\/figure>\n\n\n\n<div style=\"height:20px\" aria-hidden=\"true\" class=\"wp-block-spacer\"><\/div>\n\n\n\n<p>Desde que abrimos as nossas portas, a nossa miss\u00e3o \u00e9 planear viagens que proporcionem aos nossos clientes momentos espl\u00eandidos e lembran\u00e7as para toda a vida. Podemos oferecer qualquer tipo de produto VIAGENS DE NEG\u00d3CIOS &amp; LAZER * LUAS DE MEL * CRUZEIROS * VOOS * HOTEL * TRANSFERS * RENT A CAR * ENTRADAS PARQUES \/ ATRA\u00c7\u00d5ES DIVERSAS * EXCURS\u00d5ES. Atrav\u00e9s da nossa grande variedade de servi\u00e7os, garantimos que as suas expectativas s\u00e3o n\u00e3o somente atendidas, mas tamb\u00e9m superadas.<\/p>\n\n\n\n<p>Entre em contacto connosco hoje mesmo, saiba mais e surpreenda-se!!!<\/p>\n\n\n\n<h2 class=\"wp-block-heading\"><span style=\"background-color:rgba(0, 0, 0, 0);color:#f5f507\" class=\"has-inline-color\"><strong><em>Viajar \u00e9 mimar!<\/em><\/strong><\/span><\/h2>\n\n\n\n<figure class=\"wp-block-image size-large\"><img loading=\"lazy\" decoding=\"async\" width=\"1024\" height=\"683\" src=\"https:\/\/hmcsviagens.pt\/wp-content\/uploads\/2024\/01\/DSC_1007-1024x683.jpg\" alt=\"\" class=\"wp-image-1291\" srcset=\"https:\/\/hmcsviagens.pt\/wp-content\/uploads\/2024\/01\/DSC_1007-1024x683.jpg 1024w, https:\/\/hmcsviagens.pt\/wp-content\/uploads\/2024\/01\/DSC_1007-300x200.jpg 300w, https:\/\/hmcsviagens.pt\/wp-content\/uploads\/2024\/01\/DSC_1007-768x512.jpg 768w, https:\/\/hmcsviagens.pt\/wp-content\/uploads\/2024\/01\/DSC_1007-1536x1024.jpg 1536w, https:\/\/hmcsviagens.pt\/wp-content\/uploads\/2024\/01\/DSC_1007-2048x1365.jpg 2048w\" sizes=\"auto, (max-width: 1024px) 100vw, 1024px\" \/><\/figure>\n","protected":false},"excerpt":{"rendered":"<p>A HMCS viagens foi fundada em 2018 com o objetivo de ser uma Ag\u00eancia de Viagens diferente na \u00e1rea da Trofa. A nossa equipa de apaixonados conta com mais de 10 anos de&#8230; <\/p>\n","protected":false},"author":1,"featured_media":934,"parent":0,"menu_order":0,"comment_status":"closed","ping_status":"closed","template":"","meta":{"_monsterinsights_skip_tracking":false,"_monsterinsights_sitenote_active":false,"_monsterinsights_sitenote_note":"","_monsterinsights_sitenote_category":0,"footnotes":""},"class_list":["post-211","page","type-page","status-publish","has-post-thumbnail","hentry"],"yoast_head":"<!-- This site is optimized with the Yoast SEO plugin v27.4 - https:\/\/yoast.com\/product\/yoast-seo-wordpress\/ -->\n<title>Home - Quem somos? - HMCS viagens<\/title>\n<meta name=\"robots\" content=\"index, follow, max-snippet:-1, max-image-preview:large, max-video-preview:-1\" \/>\n<link rel=\"canonical\" href=\"https:\/\/hmcsviagens.pt\/\" \/>\n<meta property=\"og:locale\" content=\"pt_PT\" \/>\n<meta property=\"og:type\" content=\"article\" \/>\n<meta property=\"og:title\" content=\"Home - Quem somos? - HMCS viagens\" \/>\n<meta property=\"og:description\" content=\"A HMCS viagens foi fundada em 2018 com o objetivo de ser uma Ag\u00eancia de Viagens diferente na \u00e1rea da Trofa. A nossa equipa de apaixonados conta com mais de 10 anos de...\" \/>\n<meta property=\"og:url\" content=\"https:\/\/hmcsviagens.pt\/\" \/>\n<meta property=\"og:site_name\" content=\"HMCS viagens\" \/>\n<meta property=\"article:publisher\" content=\"https:\/\/www.facebook.com\/hmcsviagens\" \/>\n<meta property=\"article:modified_time\" content=\"2024-01-03T02:04:04+00:00\" \/>\n<meta property=\"og:image\" content=\"https:\/\/hmcsviagens.pt\/wp-content\/uploads\/2021\/10\/20211023_135106-scaled.jpg\" \/>\n\t<meta property=\"og:image:width\" content=\"2560\" \/>\n\t<meta property=\"og:image:height\" content=\"1920\" \/>\n\t<meta property=\"og:image:type\" content=\"image\/jpeg\" \/>\n<meta name=\"twitter:card\" content=\"summary_large_image\" \/>\n<meta name=\"twitter:label1\" content=\"Tempo estimado de leitura\" \/>\n\t<meta name=\"twitter:data1\" content=\"2 minutos\" \/>\n<script type=\"application\/ld+json\" class=\"yoast-schema-graph\">{\"@context\":\"https:\\\/\\\/schema.org\",\"@graph\":[{\"@type\":\"WebPage\",\"@id\":\"https:\\\/\\\/hmcsviagens.pt\\\/\",\"url\":\"https:\\\/\\\/hmcsviagens.pt\\\/\",\"name\":\"Home - Quem somos? - HMCS viagens\",\"isPartOf\":{\"@id\":\"https:\\\/\\\/hmcsviagens.pt\\\/#website\"},\"primaryImageOfPage\":{\"@id\":\"https:\\\/\\\/hmcsviagens.pt\\\/#primaryimage\"},\"image\":{\"@id\":\"https:\\\/\\\/hmcsviagens.pt\\\/#primaryimage\"},\"thumbnailUrl\":\"https:\\\/\\\/hmcsviagens.pt\\\/wp-content\\\/uploads\\\/2021\\\/10\\\/20211023_135106-scaled.jpg\",\"datePublished\":\"2019-08-19T06:49:07+00:00\",\"dateModified\":\"2024-01-03T02:04:04+00:00\",\"breadcrumb\":{\"@id\":\"https:\\\/\\\/hmcsviagens.pt\\\/#breadcrumb\"},\"inLanguage\":\"pt-PT\",\"potentialAction\":[{\"@type\":\"ReadAction\",\"target\":[\"https:\\\/\\\/hmcsviagens.pt\\\/\"]}]},{\"@type\":\"ImageObject\",\"inLanguage\":\"pt-PT\",\"@id\":\"https:\\\/\\\/hmcsviagens.pt\\\/#primaryimage\",\"url\":\"https:\\\/\\\/hmcsviagens.pt\\\/wp-content\\\/uploads\\\/2021\\\/10\\\/20211023_135106-scaled.jpg\",\"contentUrl\":\"https:\\\/\\\/hmcsviagens.pt\\\/wp-content\\\/uploads\\\/2021\\\/10\\\/20211023_135106-scaled.jpg\",\"width\":2560,\"height\":1920},{\"@type\":\"BreadcrumbList\",\"@id\":\"https:\\\/\\\/hmcsviagens.pt\\\/#breadcrumb\",\"itemListElement\":[{\"@type\":\"ListItem\",\"position\":1,\"name\":\"Home\",\"item\":\"https:\\\/\\\/hmcsviagens.pt\\\/\"},{\"@type\":\"ListItem\",\"position\":2,\"name\":\"Home &#8211; Quem somos?\"}]},{\"@type\":\"WebSite\",\"@id\":\"https:\\\/\\\/hmcsviagens.pt\\\/#website\",\"url\":\"https:\\\/\\\/hmcsviagens.pt\\\/\",\"name\":\"HMCS viagens\",\"description\":\"Viagens de neg\u00f3cios, luas de mel, programas para escapadinhas, viagens \u00e0 medida, hot\u00e9is, hot\u00e9is de luxo, voos, transfers, excurs\u00f5es. Reserve na HMCS Viagens\",\"publisher\":{\"@id\":\"https:\\\/\\\/hmcsviagens.pt\\\/#organization\"},\"potentialAction\":[{\"@type\":\"SearchAction\",\"target\":{\"@type\":\"EntryPoint\",\"urlTemplate\":\"https:\\\/\\\/hmcsviagens.pt\\\/?s={search_term_string}\"},\"query-input\":{\"@type\":\"PropertyValueSpecification\",\"valueRequired\":true,\"valueName\":\"search_term_string\"}}],\"inLanguage\":\"pt-PT\"},{\"@type\":\"Organization\",\"@id\":\"https:\\\/\\\/hmcsviagens.pt\\\/#organization\",\"name\":\"HMCS viagens\",\"url\":\"https:\\\/\\\/hmcsviagens.pt\\\/\",\"logo\":{\"@type\":\"ImageObject\",\"inLanguage\":\"pt-PT\",\"@id\":\"https:\\\/\\\/hmcsviagens.pt\\\/#\\\/schema\\\/logo\\\/image\\\/\",\"url\":\"https:\\\/\\\/hmcsviagens.pt\\\/wp-content\\\/uploads\\\/2021\\\/03\\\/logo-hmcs-viagens-quad-br-02-01.png\",\"contentUrl\":\"https:\\\/\\\/hmcsviagens.pt\\\/wp-content\\\/uploads\\\/2021\\\/03\\\/logo-hmcs-viagens-quad-br-02-01.png\",\"width\":2250,\"height\":1210,\"caption\":\"HMCS viagens\"},\"image\":{\"@id\":\"https:\\\/\\\/hmcsviagens.pt\\\/#\\\/schema\\\/logo\\\/image\\\/\"},\"sameAs\":[\"https:\\\/\\\/www.facebook.com\\\/hmcsviagens\",\"https:\\\/\\\/www.instagram.com\\\/hmcsviagens\",\"https:\\\/\\\/www.linkedin.com\\\/company\\\/hmcsviagens\",\"https:\\\/\\\/www.pinterest.pt\\\/hmcsviagens\",\"https:\\\/\\\/www.youtube.com\\\/channel\\\/UCAvTyhGTW4S5VCpFgRM3YQw\"]}]}<\/script>\n<!-- \/ Yoast SEO plugin. -->","yoast_head_json":{"title":"Home - Quem somos? - HMCS viagens","robots":{"index":"index","follow":"follow","max-snippet":"max-snippet:-1","max-image-preview":"max-image-preview:large","max-video-preview":"max-video-preview:-1"},"canonical":"https:\/\/hmcsviagens.pt\/","og_locale":"pt_PT","og_type":"article","og_title":"Home - Quem somos? - HMCS viagens","og_description":"A HMCS viagens foi fundada em 2018 com o objetivo de ser uma Ag\u00eancia de Viagens diferente na \u00e1rea da Trofa. A nossa equipa de apaixonados conta com mais de 10 anos de...","og_url":"https:\/\/hmcsviagens.pt\/","og_site_name":"HMCS viagens","article_publisher":"https:\/\/www.facebook.com\/hmcsviagens","article_modified_time":"2024-01-03T02:04:04+00:00","og_image":[{"width":2560,"height":1920,"url":"https:\/\/hmcsviagens.pt\/wp-content\/uploads\/2021\/10\/20211023_135106-scaled.jpg","type":"image\/jpeg"}],"twitter_card":"summary_large_image","twitter_misc":{"Tempo estimado de leitura":"2 minutos"},"schema":{"@context":"https:\/\/schema.org","@graph":[{"@type":"WebPage","@id":"https:\/\/hmcsviagens.pt\/","url":"https:\/\/hmcsviagens.pt\/","name":"Home - Quem somos? - HMCS viagens","isPartOf":{"@id":"https:\/\/hmcsviagens.pt\/#website"},"primaryImageOfPage":{"@id":"https:\/\/hmcsviagens.pt\/#primaryimage"},"image":{"@id":"https:\/\/hmcsviagens.pt\/#primaryimage"},"thumbnailUrl":"https:\/\/hmcsviagens.pt\/wp-content\/uploads\/2021\/10\/20211023_135106-scaled.jpg","datePublished":"2019-08-19T06:49:07+00:00","dateModified":"2024-01-03T02:04:04+00:00","breadcrumb":{"@id":"https:\/\/hmcsviagens.pt\/#breadcrumb"},"inLanguage":"pt-PT","potentialAction":[{"@type":"ReadAction","target":["https:\/\/hmcsviagens.pt\/"]}]},{"@type":"ImageObject","inLanguage":"pt-PT","@id":"https:\/\/hmcsviagens.pt\/#primaryimage","url":"https:\/\/hmcsviagens.pt\/wp-content\/uploads\/2021\/10\/20211023_135106-scaled.jpg","contentUrl":"https:\/\/hmcsviagens.pt\/wp-content\/uploads\/2021\/10\/20211023_135106-scaled.jpg","width":2560,"height":1920},{"@type":"BreadcrumbList","@id":"https:\/\/hmcsviagens.pt\/#breadcrumb","itemListElement":[{"@type":"ListItem","position":1,"name":"Home","item":"https:\/\/hmcsviagens.pt\/"},{"@type":"ListItem","position":2,"name":"Home &#8211; Quem somos?"}]},{"@type":"WebSite","@id":"https:\/\/hmcsviagens.pt\/#website","url":"https:\/\/hmcsviagens.pt\/","name":"HMCS viagens","description":"Viagens de neg\u00f3cios, luas de mel, programas para escapadinhas, viagens \u00e0 medida, hot\u00e9is, hot\u00e9is de luxo, voos, transfers, excurs\u00f5es. Reserve na HMCS Viagens","publisher":{"@id":"https:\/\/hmcsviagens.pt\/#organization"},"potentialAction":[{"@type":"SearchAction","target":{"@type":"EntryPoint","urlTemplate":"https:\/\/hmcsviagens.pt\/?s={search_term_string}"},"query-input":{"@type":"PropertyValueSpecification","valueRequired":true,"valueName":"search_term_string"}}],"inLanguage":"pt-PT"},{"@type":"Organization","@id":"https:\/\/hmcsviagens.pt\/#organization","name":"HMCS viagens","url":"https:\/\/hmcsviagens.pt\/","logo":{"@type":"ImageObject","inLanguage":"pt-PT","@id":"https:\/\/hmcsviagens.pt\/#\/schema\/logo\/image\/","url":"https:\/\/hmcsviagens.pt\/wp-content\/uploads\/2021\/03\/logo-hmcs-viagens-quad-br-02-01.png","contentUrl":"https:\/\/hmcsviagens.pt\/wp-content\/uploads\/2021\/03\/logo-hmcs-viagens-quad-br-02-01.png","width":2250,"height":1210,"caption":"HMCS viagens"},"image":{"@id":"https:\/\/hmcsviagens.pt\/#\/schema\/logo\/image\/"},"sameAs":["https:\/\/www.facebook.com\/hmcsviagens","https:\/\/www.instagram.com\/hmcsviagens","https:\/\/www.linkedin.com\/company\/hmcsviagens","https:\/\/www.pinterest.pt\/hmcsviagens","https:\/\/www.youtube.com\/channel\/UCAvTyhGTW4S5VCpFgRM3YQw"]}]}},"jetpack_sharing_enabled":true,"_links":{"self":[{"href":"https:\/\/hmcsviagens.pt\/index.php\/wp-json\/wp\/v2\/pages\/211","targetHints":{"allow":["GET"]}}],"collection":[{"href":"https:\/\/hmcsviagens.pt\/index.php\/wp-json\/wp\/v2\/pages"}],"about":[{"href":"https:\/\/hmcsviagens.pt\/index.php\/wp-json\/wp\/v2\/types\/page"}],"author":[{"embeddable":true,"href":"https:\/\/hmcsviagens.pt\/index.php\/wp-json\/wp\/v2\/users\/1"}],"replies":[{"embeddable":true,"href":"https:\/\/hmcsviagens.pt\/index.php\/wp-json\/wp\/v2\/comments?post=211"}],"version-history":[{"count":0,"href":"https:\/\/hmcsviagens.pt\/index.php\/wp-json\/wp\/v2\/pages\/211\/revisions"}],"wp:featuredmedia":[{"embeddable":true,"href":"https:\/\/hmcsviagens.pt\/index.php\/wp-json\/wp\/v2\/media\/934"}],"wp:attachment":[{"href":"https:\/\/hmcsviagens.pt\/index.php\/wp-json\/wp\/v2\/media?parent=211"}],"curies":[{"name":"wp","href":"https:\/\/api.w.org\/{rel}","templated":true}]}}